
Is (-4 + (-1)/1)*((-927138)/10)/3 a prime number?
True
Let h(z) = z - 1. Let j = 46 + -37. Let d be h(j). Suppose -4*n = -d*n - 3*y + 328, -225 = -3*n + 3*y. Is n a prime number?
True
Let n(i) = 8*i + 142. Let z be n(-4). Suppose 3*u - 618 = 165. Suppose 7*g - z - u = 0. Is g a composite number?
False
Is (16/2)/(34/(-34)) + 13477 prime?
True
Suppose 3*s = 12*q - 7*q + 98, 5*q + 150 = 5*s. Let w(h) = 277*h - 57. Is w(s) prime?
False
Suppose x + 19295 + 362908 = 10*x. Is x prime?
True
Let h be -2 - (9/(-3) + 3 + 0). Is h/15 + 907522/165 - 2 a prime number?
False
Suppose 1541883 = 5*r + 43*q - 45*q, 2*r = 5*q + 616728. Is r a prime number?
False
Let p = -253 - -253. Suppose -2*x - 10*x + 63132 = p. Is x a composite number?
False
Let s(d) = -24195*d + 88. Let j(l) = 8064*l - 29. Let h(a) = 7*j(a) + 2*s(a). Is h(1) a composite number?
True
Suppose 6*y = y + 3*i + 14, 0 = 5*y + 4*i - 28. Is -6 + 30/12 + 22170/y a composite number?
True
Let x(m) = 97*m**2 - 4*m - 337. Is x(-30) composite?
False
Let b = -499 - -503. Is (b/30)/1 + (-2274656)/(-480) composite?
True
Let i be ((-140)/49)/(36/21 - 2). Suppose -25 = -5*y - i. Is 13 - (12/4 - y) a composite number?
False
Let b be (-1248)/18*6*-5. Let s = 5263 - b. Is s a composite number?
True
Suppose -10*x = -9*x + 4*l + 36859, -3*x = -3*l + 110607. Is (-3 - 12/(-8)) + x/(-6) prime?
True
Let i = 636 - 662. Let k(p) = p**2 + 18*p - 69. Is k(i) composite?
False
Suppose 7502211 + 6661781 = 99*p + 37*p. Is p prime?
True
Suppose -3*m = -28 + 1. Suppose -4*r - 1 + m = 0. Is ((-712)/20)/(r/(-5)) composite?
False
Suppose -3689922 = 8*l + 3570606. Is (8/12)/((-11)/(l/4)) composite?
False
Let x(w) = 2759*w**2 + 51*w - 41. Is x(3) prime?
True
Let f = -2 - -40. Suppose 3*t - f = -35. Is (-3 - 28/(-2))*t a prime number?
True
Let m(g) = -g**3 + 18*g**2 - 17*g + 4. Let y be m(17). Suppose 17063 = -5*j + 2*t + 48010, y*j - 3*t = 24752. Is j composite?
True
Let l = -2805 + 5099. Is l/16 - 1*6/16 composite?
True
Let m = 439543 - 263724. Is m a prime number?
False
Let b(x) = 3*x**3 - x**2 - 7*x - 2. Suppose 4*j = 6*j + 6. Let q be b(j). Let a = 517 + q. Is a composite?
True
Let t(g) = 1057*g - 18. Let k be t(4). Suppose k = 2*z + 5*w, 13*z - 14*z - 2*w + 2105 = 0. Is z a prime number?
False
Let a(l) = -2369*l**3 - l**2 + 50*l + 161. Is a(-5) prime?
True
Suppose h = -4*k - 11, 5*h - k - 27 = 2. Suppose -416 = 4*o - 2*v, h*v - 3*v - 210 = 2*o. Let s = 468 - o. Is s prime?
True
Let l be (-11 + (-1 - -6))*(-2)/(-4). Let g be -146*-33*l/18. Let d = 483 - g. Is d a prime number?
False
Is (-1512659 - 2)/(-9 - -8) a prime number?
True
Let v(o) = -o**2 - 19*o + 24. Let c = -4 - 16. Let a be v(c). Suppose w + a*m - 243 = 0, -877 = -0*w - 4*w + 3*m. Is w a prime number?
True
Suppose 3*c + 13 = p, 4*p = 2*c + 2*c + 28. Suppose p*a - 2*l = 962, -6*a + 475 = -4*a + l. Suppose 1240 = 5*j - 0*j + 5*v, a = j + 4*v. Is j a prime number?
True
Suppose -53*q - 69*q = -121*q - 530077. Is q composite?
True
Let u be ((-4653)/(-282))/((3/(-502))/3). Let a = -3064 - u. Is a prime?
False
Let o = -36941 + 116298. Is o composite?
False
Let y(w) = 24*w**2 - 7*w - 4. Suppose 4*x - 9 = 3. Suppose -x = 5*m + 22. Is y(m) a composite number?
False
Let g = 73 + -70. Suppose 0 = -2*a - j + 22681, -5*j - 26488 = -g*a + 7540. Is a prime?
False
Let l be 6/9*47292/8. Suppose 4*s = c - l, -9*c + s - 7918 = -11*c. Is c prime?
False
Suppose -5 = 8*o - 29. Let t(c) = 152*c**2 - 3*c + 6. Let h be t(o). Suppose 4*y - 4*a - h = a, 20 = -4*a. Is y prime?
False
Is (-1 - 2/4)*(2284988/(-6) + -8) prime?
False
Let x be 7/2*(-12)/21 + 486. Let p = -353 + x. Is p prime?
True
Let l(c) = 14*c**2 - 146*c + 7. Is l(27) prime?
True
Let x be 12/(-30) - 4242/(-30). Let n = 120 - 70. Let i = x + n. Is i a prime number?
True
Let l = 54 + -50. Suppose -t = -2, -l*f - 2*t = t - 17570. Is f a prime number?
True
Let g(s) = s**3 - 15*s**2 + 3*s + 313. Is g(58) composite?
False
Suppose 0 = 3*q - t + 593, 3*q + 189 = 2*q - 4*t. Let k = q + 416. Is k prime?
False
Let j be (-3 + 3*-2)/(15/(-20775)). Suppose -5*z + 0*z + 2472 = w, 5*w + 4*z - j = 0. Is w composite?
True
Suppose 5289 = 2*s + 133. Let k = -1051 + s. Let u = k + -466. Is u prime?
True
Let z(q) = -q + 1. Suppose -24 = v + 4*k, 2*k = -0*v - v - 14. Let y(w) = -71*w**2 + 12*w - 20. Let m(t) = v*z(t) - y(t). Is m(3) a prime number?
True
Let j(k) = k + 4. Let o be j(-1). Suppose -o*l - f = -3*f - 371, -4*l + 490 = 2*f. Suppose 3*h - l = 150. Is h composite?
True
Suppose 44*c - 5*c + 125*c = 4670228. Is c a composite number?
False
Suppose -9*q + 3915 = -8*q. Let y = 5558 - q. Is y composite?
True
Suppose -87*k = -16358645 - 1705252. Is k prime?
False
Let k(n) be the third derivative of -17*n**6/20 - n**5/60 - n**4/24 + n**3/6 + 18*n**2. Let x be k(-2). Let j = x + 840. Is j a composite number?
True
Let f = 495800 + -259563. Is f a composite number?
True
Let u(v) = 329*v + 28. Let c be u(2). Let j = 971 + c. Is j a prime number?
True
Let q be 12/10*-15*3/(-9). Suppose -4*p = -q*p + 8. Suppose -12*j + 2840 = -p*j. Is j prime?
False
Suppose 5*c = -259 + 74. Let t = 41 + c. Suppose t*p = 3*j + j + 7800, -4*p + j = -7785. Is p a composite number?
True
Suppose -3884516 + 17420984 = 132*y. Is y a prime number?
False
Suppose 4*r = w + 3*w - 140, 3*r = 5*w - 165. Suppose -6363 = w*q - 39*q. Is q a composite number?
True
Suppose -2*g - 1112 = -2*f, -f - 5*g + 132 + 406 = 0. Suppose 257*u = 264*u - f. Is u a prime number?
True
Suppose 2*y - 3*m = 4*y - 2411, 5*y - 3*m = 6080. Let s = -491 + -357. Let l = y + s. Is l composite?
True
Let u = -241 + 249. Suppose 30503 = u*v - 24625. Is v prime?
False
Let f be 6/4 - 480/64. Let g(i) = -2*i**3 + 5*i**2 - i + 23. Is g(f) a composite number?
False
Let q be 15/25 + 25413/(-5). Let l = -3061 - q. Is l composite?
True
Suppose -39*r - 63 = -40*r. Let z = r + -60. Suppose 0 = 2*s + y - 353, -s + 4*y - 338 = -z*s. Is s prime?
True
Is 163123 + -15*(-2)/3 composite?
True
Suppose f = 5*x + 19, -2*f + x + 7 = -22. Let m = f + 4. Let h = 205 + m. Is h composite?
False
Suppose 0 = -5*h - 0*h + 2*v + 260695, h - 5*v - 52116 = 0. Is h prime?
False
Let l(t) = 53668*t - 255. Is l(4) a composite number?
True
Let d = 34 - 44. Let f(b) = 3*b**3 + 10*b**2 - 9*b - 15. Let a(n) = n**3 - n - 1. Let c(y) = -4*a(y) + f(y). Is c(d) a composite number?
False
Is -148 + 4328 + 7*1 prime?
False
Suppose -33*g + 35*g - 1266 = 0. Suppose 32 = h - 144. Let o = g - h. Is o a prime number?
True
Let t(r) = -5*r - 295 + 6*r**2 + 199 + 94 + 34*r**3. Suppose -3*p + 4 = -5. Is t(p) composite?
True
Let k = 23 - 19. Suppose k*m = 9*m - 65. Let g = 54 + m. Is g composite?
False
Suppose 588505 = -7*r - 15945. Is (r/5)/(-5) - (-3 - 0) prime?
True
Let k(t) = 7860*t + 1499. Is k(7) composite?
False
Suppose 5*d + 49 = 2*d + 4*w, -5*w = d + 10. Let z = d - -688. Is z a prime number?
True
Let m = -536 + 213. Let d = m - -546. Is d a composite number?
False
Let q(s) = -6*s - 7 - 35*s + 2*s. Suppose 7*r - 180 + 194 = 0. Is q(r) composite?
False
Let j = 1475 - 396. Let z be (j/(-52))/((-2)/24). Let y = 488 - z. Is y prime?
True
Let a = 1851 - 1108. Suppose a = r - 1416. Is r a prime number?
False
Suppose -11*h = -18*h - 16*h + 4601633. Is h composite?
True
Suppose -6*d + 61473 = -3*c, -4*d = 2*c + 2*c - 40952. Is d a composite number?
False
Let y = 196 + -53. Is (-1616)/(-26) - 22/y a composite number?
True
Suppose 5*x - 3*s - 132566 = 0, -2*x + 53018 = -0*x + 3*s. Suppose -x = -37*o + 29*o. Is o a prime number?
False
Let q = 211 - 189. Suppose 5*p - d = 3250, q*p - 624 = 21*p - 5*d. Is p a composite number?
True
Let x(w) = -w**2 - 9*w - 5. Let a be x(-8). Suppose a*t - 3 = p - 4*p, 0 = -4*p - t + 7. Is (-1)/2*(-716)/p a prime number?
True
Let w = 319 + -317. Suppose -7607 + 693 = -w*u. Is u a prime number?
True
Let x be 21003/2*8/12. Suppose 0 = 5*s + 5*q - 11655, -x = -s - 2*s + q. Is s prime?
True
Let q(h) = 16*h**3 + h**2 - 4*h + 4. Let g be q(1). Suppose 4*o + g = 3*o. Let x = -2 - o. Is x a composite number?
True
Suppose -3*i = c + 8, 10 - 30 = -c + 4*i. Suppose k + 5*p + 20 = 0, c*p + 7 = -3*k - 9. Suppose -4*t + 3550 + 6286 = k. Is t a prime number?
True
Let k be ((-99)/88*4)/(1/1898). Let y = 14788 + k. Is y a composite number?
False
Let y(n) = -